 27 is divided by 0 - (4/(-18) - (-208)/(-36)).
3
Let l = 103 - 74. Calculate the remainder when l is divided by 11.
7
Suppose 4*h = 3*o - 117, -3*h = o + 39 + 52. Let s = h + 48. What is the remainder when 34 is divided by s?
16
Let z(o) = -26*o - 3. Calculate the remainder when z(-2) is divided by 13.
10
Let c = 0 + 52. Suppose -2*m - n + 13 = -13, -4*m + 2*n = -c. What is the remainder when m is divided by 1/(-4) - 21/(-4)?
3
Let u = -27 - -36. What is the remainder when 53 is divided by u?
8
Suppose 0 = z - 2*x - 11, -22 = -2*z - 3*x - 0*x. What is the remainder when 31 is divided by z?
9
Let x(l) = 5*l**3 - 4*l**2 + l + 4. Calculate the remainder when x(2) is divided by 11.
8
Let q(k) = k + 1. Let s be q(-1). Suppose 2*p = 5*d + 6, -3*p - 2*d + s*d + 9 = 0. Calculate the remainder when 8 is divided by p.
2
Let m = -87 - -93. What is the remainder when 10 is divided by m?
4
Suppose 0 = -8*s + 36 + 140. Calculate the remainder when s is divided by 18.
4
Let h be (-3 - -3)/(-1 - -3). Suppose -5*u + 3*u + 12 = h. What is the remainder when 25 is divided by ((-33)/u - 1)*-2?
12
Let i(k) = -k**3 + 20*k**2 + 45*k - 12. Let o(m) = -m**2 + 26. What is the remainder when o(0) is divided by i(22)?
6
Suppose q - 9 = -4*l, 3 - 8 = -5*l. Suppose 0 = -5*i - q*c + 30, -4*i = -3*c - 7 - 3. What is the remainder when i is divided by 3?
1
Suppose -3*y + 62 = -2*p - 6, -y = -p - 21. What is the remainder when y is divided by 4?
2
Let t be -1*10/(-2) + -2. Suppose -5*i = -z - 129, 0*z = i + t*z - 29. Calculate the remainder when i is divided by 9.
8
Calculate the remainder when 18 is divided by 24/5 - (-5)/25.
3
Let b be (3 + -4)*(-2 - 3). Suppose 2*r + 3*r = -5*n + 100, b*n = -3*r + 56. What is the remainder when r is divided by 8?
6
Let c = -1065 + 1069. Suppose 2 = 4*o - 18. What is the remainder when o is divided by c?
1
Let b be 6*2/(-12)*-3. Let w(a) = b + 19*a**2 - a - 6*a - 18*a**2. Calculate the remainder when 20 is divided by w(8).
9
Let h = -10 + 97. What is the remainder when -4 + 1/3*h is divided by 7?
4
Let q = 105 - 100. Let d(r) = -r**2 - 7*r + 7. Calculate the remainder when d(-5) is divided by q.
2
What is the remainder when (-552)/(-28) + 4/14 is divided by (376/141)/((-2)/(-6))?
4
Let a be ((-2)/(-2))/((-7)/(-28)). Suppose -a*s + 8 = -52. Let g = -4 - -63. What is the remainder when g is divided by s?
14
Let k be (0 - -66) + 0 + 0. Suppose -4*q + 41 = -2*u - 13, 4*q - k = -2*u. What is the remainder when 29 is divided by q?
14
Let h = -10 - -14. Calculate the remainder when h is divided by 2.
0
Let v = 14 + -9. Let t(l) = l**2 + 1. Suppose 9*r - 13*r + 36 = 0. What is the remainder when t(v) is divided by r?
8
Suppose k + 11 - 35 = -4*u, -5*k = 3*u - 137. What is the remainder when 54 is divided by k?
26
Let t(l) = 2*l**2 - l + 3. Suppose -5*u + 4*w - 100 = 0, u + 3*w = 4*u + 63. Let q = u - -27. What is the remainder when t(4) is divided by q?
9
Let j be (-4)/(-18) + (-75)/(-27). Suppose 0 = -q + 2*f, 0 = 4*q - f - j*f - 4. What is the remainder when 4/(-5)*5/(-2) is divided by q?
0
Let n(x) be the third derivative of 0*x - 1/60*x**5 + 4/3*x**3 - 7/24*x**4 + 0 + x**2. Calculate the remainder when 23 is divided by n(-7).
7
Let l(m) = -29*m. Suppose 2*p = -2*j - 2 + 40, 0 = 3*j - 2*p - 37. What is the remainder when l(-2) is divided by j?
13
Let c be 28/35*25/(-2). Let q(t) = t**2 + 10*t + 10. Suppose 44 = u + 5*v - 5, 16 = 4*v. Calculate the remainder when u is divided by q(c).
9
Let s(m) = -9*m - 4. Let r(x) = -x**3 + 5*x**2 + 2*x - 12. What is the remainder when s(-4) is divided by r(4)?
8
Suppose 3*p - 3*w = -0*w + 21, 5*w + 31 = 3*p. Suppose -x = 0, -4*x = p*h - 16 - 12. What is the remainder when h is divided by 5?
4
Let z(q) = -q**2 + 102. Let b be z(0). Suppose -5*a = -2*s - 0*a - 63, -2*a = -4*s - b. Let o = 25 - s. What is the remainder when o is divided by 17?
15
Let p = -84 - -91. What is the remainder when p is divided by 2?
1
Let r(p) = -p**3 - 13*p**2 - p + 4. Let b be (-24)/2 + (5 - 6). What is the remainder when r(b) is divided by 10?
7
Suppose -f - 3*s + 1 = 0, 0 = -5*s + 2*s - 6. Calculate the remainder when 13 is divided by f.
6
Let b = -1 + 5. Suppose 4 = 2*x - 4*h, 5*x + 0*h = b*h + 34. What is the remainder when (4/(-3))/(1/(-21)) is divided by x?
8
What is the remainder when (-41)/(-6) - (-1)/6 is divided by 2?
1
Let y(s) = 12*s + 14. What is the remainder when y(6) is divided by 30?
26
Suppose -a - 28 = -5*d, -3*d + 5*a - 4 + 12 = 0. Calculate the remainder when 52 is divided by d.
4
Let i(t) = 3*t + 1. Let o be i(1). Suppose 3*v = o*v - 5. What is the remainder when 9 is divided by v?
4
Suppose -6*a + 3*a = 0. Let r(y) = y**3 + y - 1. Let w be r(a). Calculate the remainder when (w + 2)/((-9)/(-342)) is divided by 10.
8
Let b be 7/(-7) - (-56 - 0). Suppose 20 = 5*q - b. What is the remainder when 4/14 + 603/21 is divided by q?
14
What is the remainder when 38 is divided by 1*2*(-39)/(-6)?
12
Let c = 41 - 24. Calculate the remainder when c is divided by 6.
5
Suppose s + 19 = 2*s. Suppose -5 = -z + 5. Calculate the remainder when s is divided by z.
9
Let g = -13 - -15. Let q = -3 - -5. What is the remainder when g is divided by q?
0
Let i(r) be the third derivative of r**6/120 - r**5/60 + 17*r**3/6 + r**2. Let k = -7 + 7. What is the remainder when 32 is divided by i(k)?
15
Let g = 3 + 1. Suppose -j + 6*j - g*l - 126 = 0, -l = 3*j - 79. What is the remainder when j is divided by 14?
12
Let b = -1 + 2. Let i(j) = j - 4. Let u be i(6). Suppose -h - 3 = -u*h. What is the remainder when h is divided by b?
0
Let q(t) = 5*t**2 + 2*t + 1. Let r be 2 + (1 - (4 - 3)). What is the remainder when q(r) is divided by 14?
11
Let g be (4/2)/1*-2. What is the remainder when (-77)/g - 12/(-16) is divided by 7?
6
Suppose 0 = 2*w - 3*v + 7, -4*w + v - 3 - 6 = 0. Let c be w/1 + 37/1. What is the remainder when 40 is divided by c/(-2)*(-12)/15?
12
Let s(w) = 2*w**2 + 5*w - 4. What is the remainder when s(-6) is divided by 20?
18
Let k be (1/(-3))/(1/(-99)). What is the remainder when (-256)/(-44) + 6/k is divided by 2?
0
Calculate the remainder when 38 is divided by (2 - -5)/7 + (-18)/(-2).
8
Let m(y) = -y - 4. Let o be m(-4). Suppose g + l = -g + 79, o = 3*g + 5*l - 122. What is the remainder when g is divided by 10?
9
Let i be ((-90)/(-8))/(9/48). Suppose f = -2*f + i. Suppose -5*z + 15 = -f. Calculate the remainder when z is divided by 5.
2
Let l(s) = 2*s**2 - 31*s + 29. Calculate the remainder when 54 is divided by l(15).
12
Suppose 0*b = -b + 38. Suppose -119 = -3*k - b. What is the remainder when k is divided by 14?
13
Let b(q) = -2*q + 6. What is the remainder when 93 is divided by b(-5)?
13
Suppose 0 = -3*a - 2*i + 28, -5*a + 27 + 22 = i. Let k = a + -5. What is the remainder when k is divided by 3?
2
Let s(r) be the first derivative of r**2/2 + 15*r + 2. Calculate the remainder when s(-5) is divided by 4.
2
Let a(p) = p**2 - 10*p - 74. Calculate the remainder when a(-9) is divided by 20.
17
Calculate the remainder when 880/(-60)*6/(-4) is divided by 8.
6
Let t(l) = -5*l - 27. What is the remainder when 106 is divided by t(-11)?
22
Let k = 14 + 28. Suppose d = -n + 3*d + 6, 2*n + 2*d = k. What is the remainder when n is divided by 6?
4
Suppose 5*s = -13 + 28. Calculate the remainder when (-26)/(-39) - 16/(-3) is divided by s.
0
Let i = -5 + -2. Calculate the remainder when i + 8 + 55 + 1 is divided by 30.
27
Let q = 11 - -10. Calculate the remainder when q is divided by 8.
5
Let t(j) = j**3 + 18*j**2 + 16*j + 1. What is the remainder when 52 is divided by t(-17)?
16
Let x(r) = -6*r - 9. Suppose -9*m + 8*m + 129 = 0. What is the remainder when m is divided by x(-7)?
30
Let t(m) = -m**3 - 3*m**2 + 3*m - 1. Let a be t(-4). Suppose 3*h + 0*j = a*j + 45, j = -4. What is the remainder when 392/20 - 3/5 is divided by h?
8
Suppose 2*c - 56 = 4*t - 18, 5*c + 5*t = 50. Suppose 17 = 2*z - c. Calculate the remainder when 44 is divided by z.
14
Suppose 28 = -6*j + 13*j. Calculate the remainder when 6 is divided by j.
2
Let q(x) = x**2 - 5*x - 2. Let k be q(6). Let f = k + 6. Calculate the remainder when 38 is divided by f.
8
Suppose -61 = -3*y - 13. What is the remainder when 47 is divided by y?
15
Suppose -2*w + 4*f = -13 - 3, -4*w + 5*f